{"id":413,"date":"2018-07-12T15:35:40","date_gmt":"2018-07-12T15:35:40","guid":{"rendered":"http:\/\/localhost\/?page_id=413"},"modified":"2019-08-05T09:34:59","modified_gmt":"2019-08-05T09:34:59","slug":"introducao","status":"publish","type":"page","link":"https:\/\/nzeblab.lneg.pt\/?page_id=413&lang=pt","title":{"rendered":"INTRODU\u00c7\u00c3O"},"content":{"rendered":"\t\t<div data-elementor-type=\"wp-post\" data-elementor-id=\"413\" class=\"elementor elementor-413\" data-elementor-settings=\"[]\">\n\t\t\t<div class=\"elementor-inner\">\n\t\t\t\t<div class=\"elementor-section-wrap\">\n\t\t\t\t\t\t\t<section class=\"elementor-element elementor-element-37a99afc elementor-section-boxed elementor-section-height-default elementor-section-height-default elementor-section elementor-top-section\" data-id=\"37a99afc\" data-element_type=\"section\">\n\t\t\t\t\t\t<div class=\"elementor-container elementor-column-gap-default\">\n\t\t\t\t<div class=\"elementor-row\">\n\t\t\t\t<div class=\"elementor-element elementor-element-513dd2cb elementor-column elementor-col-33 elementor-top-column\" data-id=\"513dd2cb\" data-element_type=\"column\">\n\t\t\t<div class=\"elementor-column-wrap  elementor-element-populated\">\n\t\t\t\t\t<div class=\"elementor-widget-wrap\">\n\t\t\t\t<div class=\"elementor-element elementor-element-427bd6b4 elementor-align-justify elementor-widget elementor-widget-button\" data-id=\"427bd6b4\" data-element_type=\"widget\" data-widget_type=\"button.default\">\n\t\t\t\t<div class=\"elementor-widget-container\">\n\t\t\t\t\t<div class=\"elementor-button-wrapper\">\n\t\t\t<a href=\"https:\/\/nzeblab.lneg.pt\/?page_id=413&amp;lang=pt\" class=\"elementor-button-link elementor-button elementor-size-md\" role=\"button\">\n\t\t\t\t\t\t<span class=\"elementor-button-content-wrapper\">\n\t\t\t\t\t\t<span class=\"elementor-button-text\">INTRODU\u00c7\u00c3O<\/span>\n\t\t<\/span>\n\t\t\t\t\t<\/a>\n\t\t<\/div>\n\t\t\t\t<\/div>\n\t\t\t\t<\/div>\n\t\t\t\t<div class=\"elementor-element elementor-element-3f466de9 elementor-align-justify elementor-widget elementor-widget-button\" data-id=\"3f466de9\" data-element_type=\"widget\" data-widget_type=\"button.default\">\n\t\t\t\t<div class=\"elementor-widget-container\">\n\t\t\t\t\t<div class=\"elementor-button-wrapper\">\n\t\t\t<a href=\"https:\/\/nzeblab.lneg.pt\/?page_id=394&amp;lang=pt\" class=\"elementor-button-link elementor-button elementor-size-md\" role=\"button\">\n\t\t\t\t\t\t<span class=\"elementor-button-content-wrapper\">\n\t\t\t\t\t\t<span class=\"elementor-button-text\">OBJETIVOS<\/span>\n\t\t<\/span>\n\t\t\t\t\t<\/a>\n\t\t<\/div>\n\t\t\t\t<\/div>\n\t\t\t\t<\/div>\n\t\t\t\t<div class=\"elementor-element elementor-element-6528f0bd elementor-align-justify elementor-widget elementor-widget-button\" data-id=\"6528f0bd\" data-element_type=\"widget\" data-widget_type=\"button.default\">\n\t\t\t\t<div class=\"elementor-widget-container\">\n\t\t\t\t\t<div class=\"elementor-button-wrapper\">\n\t\t\t<a href=\"https:\/\/nzeblab.lneg.pt\/?page_id=405&amp;lang=pt\" class=\"elementor-button-link elementor-button elementor-size-md\" role=\"button\">\n\t\t\t\t\t\t<span class=\"elementor-button-content-wrapper\">\n\t\t\t\t\t\t<span class=\"elementor-button-text\">SOBRE<\/span>\n\t\t<\/span>\n\t\t\t\t\t<\/a>\n\t\t<\/div>\n\t\t\t\t<\/div>\n\t\t\t\t<\/div>\n\t\t\t\t\t\t<\/div>\n\t\t\t<\/div>\n\t\t<\/div>\n\t\t\t\t<div class=\"elementor-element elementor-element-1d1e13d7 elementor-column elementor-col-66 elementor-top-column\" data-id=\"1d1e13d7\" data-element_type=\"column\">\n\t\t\t<div class=\"elementor-column-wrap  elementor-element-populated\">\n\t\t\t\t\t<div class=\"elementor-widget-wrap\">\n\t\t\t\t<div class=\"elementor-element elementor-element-660ddab elementor-widget elementor-widget-text-editor\" data-id=\"660ddab\" data-element_type=\"widget\" data-widget_type=\"text-editor.default\">\n\t\t\t\t<div class=\"elementor-widget-container\">\n\t\t\t\t\t<div class=\"elementor-text-editor elementor-clearfix\"><p>A vis\u00e3o da NZEB_LAB Research Infraestruture \u00e9 estabelecer e consolidar uma Infraestrutura de Investiga\u00e7\u00e3o, que congrega as instala\u00e7\u00f5es existentes em Portugal no dom\u00ednio da integra\u00e7\u00e3o de Sistemas Solares em Edif\u00edcios e Edif\u00edcios de Balan\u00e7o Energ\u00e9tico quase nulo (NZEB- nearly zero energy buildings) para servir a Ind\u00fastria Nacional e Europeia e a comunidade cientifica, com o objetivo de acelerar a integra\u00e7\u00e3o de novos sistemas e componentes em edif\u00edcios, a fim de alcan\u00e7ar o conceito NZEB.<\/p><p>Atrav\u00e9s da pesquisa desenvolvida pelo NZEB_LAB, a estrat\u00e9gia da infraestrutura tem como objetivo o desenvolvimento e a promo\u00e7\u00e3o do caminho \u00f3timo para se atingirem os requisitos dos edif\u00edcios de balan\u00e7o quase nulo, meta estabelecida a n\u00edvel nacional at\u00e9 2020, atrav\u00e9s da otimiza\u00e7\u00e3o do projeto energ\u00e9tico e da sua opera\u00e7\u00e3o, adaptada \u00e0s pr\u00e1ticas da constru\u00e7\u00e3o e condi\u00e7\u00f5es clim\u00e1ticas em Portugal, e em portuguesas. associa\u00e7\u00e3o com os parceiros industriais.<\/p><\/div>\n\t\t\t\t<\/div>\n\t\t\t\t<\/div>\n\t\t\t\t\t\t<\/div>\n\t\t\t<\/div>\n\t\t<\/div>\n\t\t\t\t\t\t<\/div>\n\t\t\t<\/div>\n\t\t<\/section>\n\t\t\t\t\t\t<\/div>\n\t\t\t<\/div>\n\t\t<\/div>\n\t\t","protected":false},"excerpt":{"rendered":"<p>INTRODU\u00c7\u00c3O OBJETIVOS SOBRE A vis\u00e3o da NZEB_LAB Research Infraestruture \u00e9 estabelecer e consolidar uma Infraestrutura de Investiga\u00e7\u00e3o, que congrega as instala\u00e7\u00f5es existentes em Portugal no dom\u00ednio da integra\u00e7\u00e3o de Sistemas Solares em Edif\u00edcios e Edif\u00edcios de Balan\u00e7o Energ\u00e9tico quase nulo (NZEB- nearly zero energy buildings) para servir a Ind\u00fastria Nacional e Europeia e a comunidade [&hellip;]<\/p>\n","protected":false},"author":1,"featured_media":0,"parent":384,"menu_order":0,"comment_status":"closed","ping_status":"closed","template":"","meta":{"footnotes":""},"class_list":["post-413","page","type-page","status-publish","hentry","entry"],"_links":{"self":[{"href":"https:\/\/nzeblab.lneg.pt\/index.php?rest_route=\/wp\/v2\/pages\/413","targetHints":{"allow":["GET"]}}],"collection":[{"href":"https:\/\/nzeblab.lneg.pt\/index.php?rest_route=\/wp\/v2\/pages"}],"about":[{"href":"https:\/\/nzeblab.lneg.pt\/index.php?rest_route=\/wp\/v2\/types\/page"}],"author":[{"embeddable":true,"href":"https:\/\/nzeblab.lneg.pt\/index.php?rest_route=\/wp\/v2\/users\/1"}],"replies":[{"embeddable":true,"href":"https:\/\/nzeblab.lneg.pt\/index.php?rest_route=%2Fwp%2Fv2%2Fcomments&post=413"}],"version-history":[{"count":11,"href":"https:\/\/nzeblab.lneg.pt\/index.php?rest_route=\/wp\/v2\/pages\/413\/revisions"}],"predecessor-version":[{"id":720,"href":"https:\/\/nzeblab.lneg.pt\/index.php?rest_route=\/wp\/v2\/pages\/413\/revisions\/720"}],"up":[{"embeddable":true,"href":"https:\/\/nzeblab.lneg.pt\/index.php?rest_route=\/wp\/v2\/pages\/384"}],"wp:attachment":[{"href":"https:\/\/nzeblab.lneg.pt\/index.php?rest_route=%2Fwp%2Fv2%2Fmedia&parent=413"}],"curies":[{"name":"wp","href":"https:\/\/api.w.org\/{rel}","templated":true}]}}